*h**2 + 6. Let f(c) = u*p(c) + 7*m(c). Give f(3).
-6
Suppose 0*r - 12 = -4*r. Suppose 15 = -0*j - r*j. Let w(d) = -d**2 - 4*d + 3. Give w(j).
-2
Let x(o) = -o**3 + 7*o**2 - 5*o - 3. Let g(j) = -6*j**3 + j**2 - 3*j - 4. Let q be g(-1). Calculate x(q).
3
Let t be 3 - (0 + -2 + 3). Let i(m) = m**3 - 3*m**2 - m - 1. What is i(t)?
-7
Let n be (16 + -13 - (-24)/(-10))*10. Let y(j) = 2*j**2 + 3*j - 6. Let h(u) = -u**2 + u + 1. Let v(x) = 3*h(x) + y(x). Determine v(n).
-3
Let v(g) = 2*g**2 + g - 1. Let z be (-13)/4 + (-3)/(-12). Let c(o) = o**2 + 2*o - 1. Let w be c(-2). Let p be 0 - (z/w - 1). Give v(p).
5
Let h(c) = c**3 - 5*c**2 + 2*c + 1. Suppose -3*k + 8*k = 15. Let n = 15 - k. Let v be (-4)/(n/(-9)) - -1. Calculate h(v).
-7
Let k(x) = -x**3. Suppose 3*z = 4*z. What is k(z)?
0
Suppose 0 = -2*y + 4*y + 2. Let p(o) = o**3 - o**2 - 1. Let b(i) = 7*i**3 - 4*i**2 + 2*i - 3. Let f(k) = b(k) - 4*p(k). Give f(y).
-4
Let n(z) be the second derivative of z**4/12 + 4*z**3/3 + 2*z**2 - 5*z. Calculate n(-6).
-8
Let d = -9 + 14. Let w(z) = -5*z - 4. Let o(t) = 4*t + 3. Suppose -i - 18 = -4*i. Let m(l) = d*w(l) + i*o(l). Determine m(5).
-7
Suppose 19 = -5*b + 2*k, b + k + 6 + 2 = 0. Suppose 0 = -4*s + s - 5*a - 5, -3*s - 3*a = 3. Let r(z) = -2*z + z + s*z. Determine r(b).
5
Let u(k) = 3*k - 20. Let j(n) = 2*n - 19. Let p(b) = 5*j(b) - 4*u(b). Let v(w) = w + 8. Let t(a) = -6*p(a) - 11*v(a). Let z = -12 + 7. Determine t(z).
-3
Let k = -2 + 7. Let r = -3 + 3. Let x(v) = v**3 - 2*v + 0 + r + 5 - 5*v**2 + 2. Determine x(k).
-3
Suppose 0 = -10*a + 7*a + 6. Let u(s) be the third derivative of -1/24*s**4 + s**2 + 0 + 1/6*s**3 + 0*s. Determine u(a).
-1
Let x be 1/(1 + 0)*-3. Let p(n) be the second derivative of n**4/12 + n**3/2 - 2*n**2 + 5*n. Calculate p(x).
-4
Let m(s) = -2*s**3 + 11*s**2 + 8. Let a(v) = -v**3 + 4*v**2 + 3. Suppose -5*d + d = 12. Let j(c) = d*m(c) + 8*a(c). Calculate j(-2).
12
Let a(p) be the first derivative of p**3/3 + 7*p**2/2 - p - 17. Calculate a(-6).
-7
Let x(q) = -3 - q + 7*q - 8*q - q. What is x(-4)?
9
Let a(z) = z**2 - 6*z - 4. Let s be a(7). Suppose 5*r - 3 = s*j, r = -3*r. Let w(l) = l**3 - 1. Calculate w(j).
-2
Let o = 18 + -24. Let k(v) = 3*v + 5. What is k(o)?
-13
Let v(x) = 3*x**3 + 14*x**2 - 7*x - 14. Let i(f) = 4*f**3 + 21*f**2 - 11*f - 21. Let t(b) = 5*i(b) - 7*v(b). What is t(6)?
-7
Let w = -3 - -1. Let m(x) be the second derivative of -11*x**3/6 + 5*x**2/2 - 8*x. Let t(c) = -5*c + 2. Let g(s) = 2*m(s) - 5*t(s). Calculate g(w).
-6
Let i(q) = q**2 + 5*q - 6. Let j(d) = d**2 - 6*d. Let h = -7 + 0. Let t(v) = -v - 2. Let o be t(h). Let r be j(o). Give i(r).
-6
Let d(j) be the third derivative of j**4/24 - 11*j**3/6 + 13*j**2. Calculate d(7).
-4
Let b(c) = -1 - 5 + 0 + 7*c + c**2 + 0. Suppose 30 = -5*f - 10. Let s be b(f). Let d(x) = x + 2. Determine d(s).
4
Let k(w) be the first derivative of -w**4/24 + w**3/2 + w**2/2 + 3. Let m(j) be the second derivative of k(j). Let p be 1*(1 + 0) + -4. Give m(p).
6
Let k(u) = -u**3 - 5*u**2 - 2*u + 1. Let y = 106 - 110. Give k(y).
-7
Suppose -b - 3*g - 3 = 3, 4*b + 24 = -5*g. Let r(n) = -n**3 - 6*n**2 + n + 5. Calculate r(b).
-1
Let i be -1*2 - 8/(-2). Let l(k) = -k - 2. Let p(s) = 1. Let h(a) = i*l(a) + 3*p(a). Suppose -3*d - 4 = -13. Calculate h(d).
-7
Let i(c) = -4*c + 5. Let w be (12/(-24))/((-2)/(-12)). Let h(x) = x**3 + 4*x**2 + 2*x + 1. Let o be h(w). Determine i(o).
-11
Let p(c) = c**3 + 14*c**2 - 14*c + 22. Let b be p(-15). Let k(d) = 2*d - 10. Calculate k(b).
4
Suppose 9*q - 25 = 38. Let x(m) = m - 13. Calculate x(q).
-6
Let b(l) be the third derivative of -5/24*l**4 + 0 - 7*l**2 + 0*l - 1/60*l**5 + 0*l**3. Suppose 4 = 2*c, -3*c - 1 = -3*a - 19. Calculate b(a).
4
Let m(q) be the third derivative of -q**5/60 - 15*q**2. Give m(0).
0
Let q(s) = -s**2 - 3*s - 2. Let f(b) = b - 1. Let l be f(6). Suppose 3*u - 4*n - l = 0, -3*u - 4*n - 13 = n. Let a be (-4 + 7)/(u*1). What is q(a)?
-2
Let w(u) = u**3 - 2*u**2 - u + 1. Let g be ((-1)/(-3))/((-2)/(-12)). What is w(g)?
-1
Let g(c) = 2*c + 12. Let s(o) = -o - 6. Let y(d) = 2*g(d) + 5*s(d). Let z be (-1 + 0 + 2)*-7. Give y(z).
1
Suppose 7*s + 39 = 4. Let r(g) = -3*g - 1 + 2 - 8. What is r(s)?
8
Let k(q) = -q**3 - 8*q**2 - q - 2. Let w be k(-8). Let c = 4 - w. Let m be 55/(-20) - c/(-8). Let i(a) = -a**2 + 2. Give i(m).
-7
Suppose -5*o - 17 = -4*y + y, 4*y = o. Let x(j) = -7*j**3 - j**2 + 4*j + 2. Let v(r) = -8*r**3 - r**2 + 5*r + 3. Let s(c) = o*x(c) + 3*v(c). What is s(1)?
5
Let n(v) = -v**2. Let c = -6 - -6. Let b = 2 + c. What is n(b)?
-4
Let z(h) = 2*h**2 + 4*h + h**2 + 3*h - 4*h. Suppose 3 = -2*m - 3*b + 8, -b + 7 = -2*m. Calculate z(m).
6
Suppose -3*y = y + 8. Let z(i) = 6. Let j(w) = w + 11. Let s = 13 + -8. Let u(q) = s*z(q) - 3*j(q). Determine u(y).
3
Let a(q) = -q**3 - q**2 + 1. Suppose -4*b + 3 = -5. Suppose -b*y - 6 = -2*t - 0, -5*y = -3*t + 17. What is a(t)?
1
Let z(n) = -n**3 - 2*n**2 + 1. Let t(d) = -d**3 + 4*d**2 - d - 4. Let i be t(3). Let m(x) = x + 9. Let p be m(-6). Suppose -i*o - 1 = p. What is z(o)?
1
Suppose 2*g + 2 = 5*o + 3, 1 = -2*o + g. Let w(l) = l**2 + 4*l + 2. Let z be w(-4). Let p(q) = 4*q**2 - q - 2*q**2 + 0*q**z. Calculate p(o).
1
Let v(t) = t + 3. Let n(w) be the second derivative of -5*w**3/6 - 8*w**2 + w. Let i(r) = -2*n(r) - 11*v(r). Determine i(-4).
3
Let o(a) = 5*a**3 - 1. Let k(s) = -s**3 + 2*s**2 + 4*s - 2. Let z be k(3). Give o(z).
4
Let u(f) = f. Suppose 0 = -2*r - 2*r + 32. Let j = r + -4. Calculate u(j).
4
Let p be 39/12 + 9/12. Suppose -2*m - p = -0*m. Let h(c) = -3*c**2 + c + 2. What is h(m)?
-12
Let o(w) = w**3 + 5*w**2 + 3*w - 4. Let f be 10*(-2)/(-8)*-2. Calculate o(f).
-19
Let t(z) = -2*z + 2. Suppose -6*g = -g - 25. Suppose 5*l - 22 = -b + 5, g*b - 15 = -5*l. What is t(l)?
-10
Let z be (3 - -3)*(-20)/(-2). Let l be (1/(-2))/((-5)/z). Let i = 4 - l. Let a(m) = -m**3 - 3*m**2 - 3*m - 1. Give a(i).
1
Let b(i) = i + 1. Let c be b(-6). Let v = c + 4. Let l(d) = 9*d + 1. Determine l(v).
-8
Let i = -20 + 15. Let r(o) = 2*o + 2. What is r(i)?
-8
Suppose 0 = m - 6*m - 20. Let a(u) = -2*u - 4. Give a(m).
4
Let c(p) = -p**2 + 3*p + 1. Let h(b) = -2*b**2 + 5*b + 2. Let l(x) = 9*c(x) - 4*h(x). Determine l(6).
7
Let v(i) = -i + 8. Let h(u) = 3*u**2 + 7*u. Let c(w) = w**2 + w - 1. Let f(k) = -4*c(k) + h(k). Let d be 4/6*(5 - -1). Let a be f(d). Give v(a).
8
Let q(i) = i - 8. Let h be 136/22 + (-22)/121. What is q(h)?
-2
Let t(h) be the first derivative of -h**4/4 + 5*h**3/3 - h**2 + 7*h - 4. Give t(5).
-3
Suppose 6 - 1 = y + w, -y + 17 = -5*w. Let l(g) = -g + 2. Calculate l(y).
-5
Let s(i) = i**3 - 5*i**2 + 3*i + 4. Suppose 5*l + v = 19, v = 4*l + 5*v - 12. What is s(l)?
0
Let c(x) = 0*x**2 + 2*x**2 - 3*x**2 - 2*x + 3 + 2*x**2. Determine c(2).
3
Let g be (-15 - -10) + -2 + 3. Let d(r) = r**3 + 3*r**2 - 4*r - 5. What is d(g)?
-5
Let k(v) = -9*v + 30. Let r(l) = l - 3. Let m(o) = 2*k(o) + 21*r(o). Let y = -13 - -16. Calculate m(y).
6
Let y(h) = h**3 - 3*h**2 - 3*h + 4. Let x be y(4). Let g = -4 + x. Let w(z) = g*z + 4 + 4 - 3 - 4. Calculate w(-1).
-3
Let g be 59/6 + -1 + (-17)/(-102). Let q(b) = b**2 - 10*b + 10. What is q(g)?
1
Let g(k) = -k**3 - k - 4. Suppose 3*j + 14 = -7. Let b = -7 - j. Calculate g(b).
-4
Let a(c) = c**3 + 2*c**2 - c + 1. Let f be a(-3). Let i(g) = g**2 + 3*g - 6. Determine i(f).
4
Let y be (3 - (4 + 2)) + 6. Let s(o) = o - 2 + 2*o**3 + 0 - 3*o**2 - o**y - 3*o. Give s(3).
-8
Let d(a) = -a**2 - a. Let v(c) = -5*c**2 - 10*c - 2. Let s(z) = -4*d(z) + v(z). Determine s(-6).
-2
Suppose l = 8*l + 3*l. Let s(w) be the second derivative of -3*w + l + 2*w**2 - 1/2*w**3. What is s(3)?
-5
Let a be (-41 + 42)/((-2)/10 - 0). Let g(u) = -u**3 - 6*u**2 - 3*u - 2. Give g(a).
-12
Let m(t) = -3*t**3 - t**2. Let p be m(1). Let d(i) = -2 - 2 - 4*i - i**2 + 2. Calculate d(p).
-2
Let r(s) = 9*s - 7. Suppose 4*c = -6*a + 5*a - 5, -10 = 2*a - 2*c. Let v(i) = 5*i - 4. Let n(j) = a*v(j) + 3*r(j). What is n(2)?
3
Let u(n) = -27*n - n**2 + 23*n + 13*n + 3. Determine u(10).
-7
Let s = -19 - -39. Let g = 11 - s. Let t be g/(-2 + 5) + -1. Let u(b) = b - 3. Calculate u(t).
-7
Let t = -7 + 4. Let j(v) = -v**3 - 2*v**2 + 3*v. What is j(t)?
0
Let w = 14 + -8. Let i(p) = -1. Let b(a) = -a**2 + 6*a + 6. Let v(q) = w*i(q) +